 by (6/(-2))/(7/(-7)).
2
Let n(k) = -k**3 + 5*k**2 - 2*k + 7. Let l be n(5). What is the remainder when 20 is divided by 11/(l - -2 - -2)?
9
Let m = 8 - 8. Suppose -3*w = -m*x + 5*x - 199, 0 = -4*x + 5*w + 137. Calculate the remainder when x is divided by 13.
12
Let o be (6/(-18))/((-1)/15). Suppose -7*l + 6*l + 8 = 0. Let k = l - o. What is the remainder when 7 is divided by k?
1
Suppose 5*y = 3*l + 14, 0 = -2*y - 3*l - 2*l - 13. Let p be ((-5)/(-3))/(y/3). Let s(h) = h**2 - 2*h - 7. What is the remainder when s(p) is divided by 3?
2
Suppose i + 0*i - 5 = 0. Suppose -i*u - 17 = -6*u. Calculate the remainder when u is divided by 6.
5
Suppose -3*o + 8 = -o. What is the remainder when o is divided by 4?
0
Let g = 52 + -20. What is the remainder when 93 is divided by g?
29
Let i(v) = 3*v**2 - 5*v + 35. Calculate the remainder when i(4) is divided by 3*5*1 - -1.
15
Let a(g) = g**3 - 4*g**2 + 5*g + 1. Let p be a(4). Let c(b) = 2*b**2 - 4*b - 8. Let j be c(6). Let t = j - p. Calculate the remainder when t is divided by 7.
5
Let y(b) = 7*b - 17. What is the remainder when 71 is divided by y(5)?
17
Let d(x) = -3*x + 3. Suppose -4*f + m + 11 = 0, -4*m = -5*f - 0*m. Let b be d(f). Let u = 42 + b. What is the remainder when u is divided by 12?
9
Let d be ((-2)/(-6))/((-4)/(-24)). Let u(y) = -10*y**2 - 2*y - 3. Let c be u(3). What is the remainder when 33 is divided by c/(-6) - (-1)/d?
16
Suppose -78 + 379 = 7*v. Let m = -30 - -45. Calculate the remainder when v is divided by m.
13
Suppose 3*z = 39 + 24. Suppose -r + 7 + 4 = 0. What is the remainder when z is divided by r?
10
Suppose 0 = -n - 5*s + 3 + 4, -4*n + 4*s = -28. Calculate the remainder when 69 is divided by n.
6
Suppose 4*a = -x + 21 - 51, 0 = x - 5*a + 21. Let s = 41 + x. What is the remainder when 27 is divided by s?
12
Suppose -5*v - 103 = -4*u, u - 105 = -3*u + 3*v. What is the remainder when u is divided by 14?
13
Suppose 18 + 48 = 6*a. What is the remainder when a is divided by 2?
1
Let m(n) = n**3 + 19*n**2 + 17*n - 10. What is the remainder when 18 is divided by m(-18)?
2
Let h be 6/4*(-116)/(-6). Suppose -5*f + 20 = 2*y, -5*y = 5*f - 3*f - h. Suppose -6 = -s + f. Calculate the remainder when s is divided by 3.
2
Suppose -x - 2*x = -30. Let p = -58 - -77. Calculate the remainder when p is divided by x.
9
Let c be (-12)/9 - 48/(-9). Let i(v) = -6*v - 3. Let f be i(-2). Suppose t - c*l + f*l = 24, 3*t - 2*l - 55 = 0. What is the remainder when t is divided by 5?
4
Suppose -5 = 2*p - 25. Suppose -16*c + 308 = -316. What is the remainder when c is divided by p?
9
Suppose -8 = 2*n, 4*n = g - 6*g + 89. Calculate the remainder when 41 is divided by g.
20
Let v(m) = -m**2 + 11*m - 1. Calculate the remainder when 55 is divided by v(5).
26
Let o = 21 - -77. What is the remainder when o is divided by 17?
13
Let c = -58 - -106. Suppose -2*f = 3*z - 80, z + 12 - c = -3*f. What is the remainder when 71 is divided by z?
23
Suppose -2 - 1 = g, -3*j = 2*g + 15. Let q be (-15)/j*(-12)/10. What is the remainder when 6 is divided by (36/30)/(q/(-20))?
2
Suppose d + 92 = 5*v, -2*d = 2*v + 3*v - 86. Suppose -25 - 5 = -3*b. What is the remainder when v is divided by b?
8
Suppose -3*p - 2*f + 2 = 0, 5*p - 3 = f - 4. Suppose -u - u + 8 = p. Calculate the remainder when u is divided by 3.
1
Calculate the remainder when 30 is divided by 1 + (-423)/(-33) + (-2)/(-11).
2
Let x = 2 - 2. Let d(n) = n**2 + n + 28. Let h be d(x). What is the remainder when h/10*(6 + -1) is divided by 8?
6
Let c be 0 + -2 - (-4 + 7). Let k(l) = l**2 - 3*l. Let m be k(c). Let z = m - 20. Calculate the remainder when z is divided by 11.
9
Calculate the remainder when (-7)/21 - (380/(-6) + -1) is divided by 14.
8
Suppose -39 = n - 4*n. What is the remainder when 45 is divided by n?
6
Let s = -11 - -14. Let a = 48 + -22. Suppose a = 3*t + 5. Calculate the remainder when t is divided by s.
1
Let t(i) = -i + 1. Let u(k) = 6*k - 5. Let r(g) = -34*t(g) - 6*u(g). Calculate the remainder when 5 is divided by r(-3).
1
What is the remainder when 37 is divided by 13/((1/(-5))/((-9)/45))?
11
Calculate the remainder when 25 is divided by (-26)/5*15/(-6).
12
Calculate the remainder when 5 is divided by (36/8 - 3)/(3/4).
1
Suppose -3*n + 0*n = -27. Calculate the remainder when 26 is divided by n.
8
Let a(o) = -14*o + 2. Let h be a(2). Suppose 4*u - 60 = -5*q, 1 = 4*q - 4*u - 83. Calculate the remainder when q is divided by 380/65 - 4/h.
4
Let s = 7 - 4. Suppose -8 = -3*x - x. What is the remainder when s is divided by x?
1
Suppose -g + 3*k = 1, 3*k - 4 = -1. Suppose -p + g*b + 5 = 7*b, -4*b = -4*p + 92. Calculate the remainder when 37 is divided by p.
17
Let y = 13 + -5. Suppose -4 = 4*j - y. Suppose -3*b - 5*u + 26 = 0, -9 = 2*u + j. What is the remainder when b is divided by 6?
5
Suppose 4*l - 56 = 4*q, 5*l + 4*q + q = 80. Suppose -a + 177 = 2*a. What is the remainder when a is divided by l?
14
Suppose 3*g + 3 + 3 = 0. Let s be 5 - (-2)/g*0. Suppose 0 = 5*f - 2*l - 6, 2*f + l - 1 = s. What is the remainder when f is divided by 2?
0
Let v(r) = -r**3 - 6*r**2 + 7*r + 5. Let s = -11 - -4. What is the remainder when -13*(2/(-2) + 0) is divided by v(s)?
3
Calculate the remainder when 14 is divided by 4*((4 - 4) + (-21)/(-12)).
0
Suppose -11 + 60 = 7*d. What is the remainder when 19 is divided by d?
5
Let v be 9*(-1 - 0/(-2)). Calculate the remainder when 26 is divided by v/(-1) + (1 - 3).
5
Suppose 2*r - r = 0. Let c = 6 + r. Suppose a - 3 = 0, -5*u + 5*a = -89 + 19. What is the remainder when u is divided by c?
5
Suppose 3*b - q - 42 = -2*q, -4*b + 3*q + 69 = 0. Let v = -10 + b. Suppose -3*f + 3 = -j + 1, v*f - 2 = 3*j. Calculate the remainder when f is divided by 1.
0
Suppose 0 = 5*d + 2*g - 509, 5*d + 7*g = 2*g + 515. Suppose -2*x - 3*l + 124 = 3*x, -2*l = 4. What is the remainder when d is divided by x?
23
Let h(j) = j**3 - 15*j**2 + 18*j + 5. Let z(m) = -m**3 + 15*m**2 - 17*m - 5. Let c(y) = 5*h(y) + 6*z(y). Calculate the remainder when c(14) is divided by 8.
7
Let y(l) = -l**3 + 9*l**2 - 2*l. Calculate the remainder when y(8) is divided by 17.
14
Suppose -3*r = -r - 2. Calculate the remainder when r/3*2*12 is divided by 5.
3
Let r = -22 + 43. Calculate the remainder when r is divided by 11.
10
Suppose -5*w + 2*w + 45 = 0. Let l = 17 + w. Suppose -4*z = -5*z + 5*p + 7, -58 = -4*z + 5*p. What is the remainder when l is divided by z?
15
Suppose -s + 8 = -21. Suppose -2 = -5*n + 4*n. Suppose -3*w - n*x = -38, 4*x + 2 = 3*w - 12. What is the remainder when s is divided by w?
9
Let g(y) = -y**2 - 15*y + 8. Let r(q) = -q**2 - 14*q + 8. Let p(a) = -4*g(a) + 5*r(a). What is the remainder when 22 is divided by p(-10)?
6
Let y be (-3)/4*(3 + 1). Calculate the remainder when 19 is divided by (44/(-12))/(1/y).
8
Suppose -3*j = -91 - 86. What is the remainder when j is divided by 31?
28
Let i = 2 - -39. Let u(n) = n**2 - 2*n - 5. Let m be u(4). Suppose -k = m*q - 33, -2*q - k + 22 = 3*k. Calculate the remainder when i is divided by q.
8
Calculate the remainder when 21 is divided by (-1)/5 - 213/(-15).
7
Let m = -41 + 122. Calculate the remainder when m is divided by 17.
13
Let v(t) = -t**3 + 3*t**2 + 3*t - 1. Let i be v(4). Let o = 9 + i. Calculate the remainder when o is divided by 2.
0
Suppose 5*o = 25, -5*u + u = -3*o - 525. What is the remainder when u is divided by 35?
30
Suppose -4*u - 5*m + 23 = 0, m + 0*m - 5 = -u. Suppose -4*c - k = -u*c - 42, -3*k = -4*c + 94. What is the remainder when 42 is divided by c?
20
Let r be -1 + ((-4)/2 - -1). Let m be ((-1)/2)/(r/16). Suppose -13 = -x - 2*o, 88 = m*x - o - 3*o. Calculate the remainder when x is divided by 7.
5
Let s(t) = t + 1. Let k = 4 - 5. Let q be s(k). Suppose -5*i + 3*i + 44 = q. What is the remainder when 64 is divided by i?
20
Suppose 0 = 4*x + 2*m - 84, 5*x - m - 123 = m. Suppose 5*b = -0*b - 15. Calculate the remainder when x is divided by 10 + -3 + (-3)/b.
7
Let p(h) = -h + 1. Let g be p(-9). Let k = g + -3. What is the remainder when 26 is divided by k?
5
Let q(z) = z**2 - 5*z - 11. What is the remainder when 23 is divided by q(8)?
10
Suppose -u - 24 + 6 = 5*h, 3*h = 4*u - 20. Suppose -95 = -7*t + u*t. Let z = -24 - -34. What is the remainder when t is divided by z?
9
Let b = 19 - 12. Suppose